{"id":988172,"date":"2024-11-29T11:19:26","date_gmt":"2024-11-29T10:19:26","guid":{"rendered":"https:\/\/strepia.com\/?page_id=988172"},"modified":"2026-04-08T00:28:26","modified_gmt":"2026-04-07T22:28:26","slug":"accueil","status":"publish","type":"page","link":"https:\/\/strepia.com\/","title":{"rendered":"Accueil"},"content":{"rendered":"<div class=\"vgblk-rw-wrapper limit-wrapper\">\n<h3>\n\t\t\t<a href=\"\/products-solutions\/automotive-manifacturing\/\" title=\"M\u00e9tier\" target=\"_self\">\n\tM\u00e9tier\n\t\t\t<\/a>\n\t<\/h3>\n\t<p>Nous fournissons des consultants exp\u00e9riment\u00e9s dans divers domaines pour r\u00e9pondre \u00e0 vos besoins sp\u00e9cifiques. <\/p>\n<p>Nos experts optimisent vos op\u00e9rations gr\u00e2ce \u00e0 des solutions sur mesure et des technologies avanc\u00e9es.<\/p>\n<h3>\n\t\t\t<a href=\"\/products-solutions\/mechanical-engineering\/\" title=\"Accompagnement\" target=\"_self\">\n\tAccompagnement\n\t\t\t<\/a>\n\t<\/h3>\n\t<p>Nous accompagnons nos clients \u00e0 chaque \u00e9tape de leur projet logistique, de la conception \u00e0 la mise en \u0153uvre.<\/p>\n<p>Nos consultants offrent une expertise technique et un soutien continu pour garantir le succ\u00e8s de vos initiatives.<\/p>\n<h3>\n\t\t\t<a href=\"\/products-solutions\/automotive-manifacturing\/\" title=\"Talents\" target=\"_self\">\n\tTalents\n\t\t\t<\/a>\n\t<\/h3>\n\t<p>Strepia met \u00e0 votre disposition des consultants hautement qualifi\u00e9s, ayant des exp\u00e9riences dans divers domaines d&rsquo;activit\u00e9. <\/p>\n<p>Nous recrutons les meilleurs talents pour garantir des services de qualit\u00e9 sup\u00e9rieure \u00e0 nos partenaires.<\/p>\n<h3>\n\t\t\t<a href=\"\/products-solutions\/mechanical-engineering\/\" title=\"Technologies\" target=\"_self\">\n\tTechnologies\n\t\t\t<\/a>\n\t<\/h3>\n\t<p>Nos consultants sont sp\u00e9cialis\u00e9s dans l&rsquo;int\u00e9gration et la gestion de technologies avanc\u00e9es pour am\u00e9liorer vos op\u00e9rations logistiques. <\/p>\n<p>Nous travaillons avec les meilleurs outils et logiciels pour garantir des solutions innovantes et efficaces.\u00a0<\/p>\n\t<p>&nbsp;<\/p>\n<p><em>\u00ab\u00a0<strong> Strepia <\/strong>ambitionne d&rsquo;\u00eatre votre partenaire r\u00e9f\u00e9rent pour accompagner vos \u00e9quipes dans la mise en \u0153uvre des meilleures pratiques op\u00e9rationnelles \u00ab\u00a0<\/em><\/p>\n\t<a href=\"https:\/\/youtu.be\/pQu16zo9O-o\" target=\"_blank\" role=\"button\"  data-vamtam-lightbox=\"&lt;div class=&quot;vamtam-video-frame&quot;&gt;&lt;iframe title=&quot;Bienvenue dans l&#039;univers de Strepia&quot; width=&quot;1260&quot; height=&quot;945&quot; src=&quot;https:\/\/www.youtube.com\/embed\/pQu16zo9O-o?feature=oembed&quot; frameborder=&quot;0&quot; allow=&quot;accelerometer; autoplay; clipboard-write; encrypted-media; gyroscope; picture-in-picture; web-share&quot; referrerpolicy=&quot;strict-origin-when-cross-origin&quot; allowfullscreen&gt;&lt;\/iframe&gt;&lt;\/div&gt;\"style=\"font-size:14px;line-height:16px;padding:16px 32px;\">\n\t\t\t\t\tPlay Video\n\t<\/a>\n<h4>\n\t\tNous aidons \u00e0 construire et transformer les m\u00e9tiers de nos clients\n\t<\/h4>\n\t<p>Strepia accompagne ses clients dans leur volont\u00e9 d&rsquo;am\u00e9liorer leur performance \u00e0 travers les activit\u00e9s ci-dessous :<\/p>\n<ul>\n<li>Le conseil logistique et IT (audit, am\u00e9nagement de site, optimisation des process, m\u00e9canisation et robotisation)<\/li>\n<li>L&rsquo;int\u00e9gration de logiciels (Manhattan WMS, Reflex WMS, Delmia Apriso MES, Kinaxis SC planning, Ortems APS)<\/li>\n<li>L&rsquo;EDI et le Data Management<\/li>\n<li>La formation m\u00e9tier et IT en fran\u00e7ais et anglais<\/li>\n<li>Le Support applicatif et syst\u00e8me<\/li>\n<\/ul>\n<p>Pour cela, Strepia s&rsquo;appuie sur ses \u00e9quipes qui mutualisent une exp\u00e9rience op\u00e9rationnelle tr\u00e8s forte.<\/p>\n\t<a href=\"https:\/\/strepia.com\/index.php\/notre-expertise-et-nos-services\/\" target=\"_self\" role=\"button\">\n\t\t\t\t\tEn savoir plus\n\t<\/a>\n<h5>\n\tNos valeurs\n\t<\/h5>\n\t<h2>Partenariat durable<\/h2>\n\t<p>Chez <strong>Strepia<\/strong>, nous nous engageons \u00e0 offrir des solutions d&rsquo;excellence en mettant l&rsquo;accent sur trois valeurs fondamentales :<\/p>\n\t<a href=\"https:\/\/strepia.com\/index.php\/a-propos-de-nous\/nos-valeurs\/\" target=\"_self\" role=\"button\">\n\t\t\t\t\tEn savoir plus\n\t<\/a>\n<h4>\n\tExcellence\n\t<\/h4>\n\t<p>Nous s\u00e9lectionnons des consultants de premier ordre, dot\u00e9s d&rsquo;une expertise technique et fonctionnelle solide, afin de garantir des r\u00e9sultats exceptionnels.<\/p>\n<h4>\n\tR\u00e9activit\u00e9\n\t<\/h4>\n\t<p>Nous comprenons l&rsquo;importance de vos d\u00e9lais et mobilisons rapidement les meilleurs talents pour r\u00e9pondre \u00e0 vos besoins.<\/p>\n<h4>\n\tPartenariat\n\t<\/h4>\n\t<p>Nous nous engageons \u00e0 vos c\u00f4t\u00e9s sur le long terme, en veillant \u00e0 ce que nos solutions favorisent le succ\u00e8s durable de votre entreprise.<\/p>\n<h5>\n\tOpportunit\u00e9s\n\t<\/h5>\n\t<h2><strong>Explorez de nouveaux <\/strong><strong>horizons professionnels<\/strong><\/h2>\n\t<p><strong>Strepia<\/strong> est \u00e0 la recherche de consultants passionn\u00e9s pour rejoindre notre r\u00e9seau dynamique. En nous rejoignant, vous acc\u00e9derez \u00e0 des projets ambitieux et aurez l&rsquo;opportunit\u00e9 de d\u00e9velopper vos comp\u00e9tences dans un environnement ax\u00e9 sur l&rsquo;excellence et la collaboration.<\/p>\n<p>D\u00e9couvrez comment nous pouvons construire ensemble un avenir brillant.<\/p>\n\t<a href=\"https:\/\/strepia.com\/index.php\/opportunites\/\" target=\"_self\" role=\"button\">\n\t\t\t\t\tVoir nos opportunit\u00e9s\n\t<\/a>\n<h5>\n\tActualit\u00e9s\n\t<\/h5>\n\t<h2><strong>L&rsquo;innovation ne s&rsquo;arr\u00eate jamais &#8211; Pourquoi devriez-vous ?<\/strong><\/h2>\n\t<p>Bienvenue dans notre section\u00a0<strong>Actualit\u00e9s<\/strong>, o\u00f9 nous partageons les derni\u00e8res tendances, innovations et analyses du secteur, restez \u00e0 la pointe des changements technologiques et op\u00e9rationnels dans votre secteur !<\/p>\n<p>Que vous soyez int\u00e9ress\u00e9 par les \u00e9volutions de la Supply Chain, les bonnes pratiques en Manufacturing, ou les d\u00e9fis de la transformation digitale, notre page d&rsquo;actualit\u00e9s est con\u00e7ue pour vous offrir des informations pertinentes et \u00e0 jour.<\/p>\n\t<a href=\"https:\/\/strepia.com\/index.php\/actualites\/\" target=\"_self\" role=\"button\">\n\t\t\t\t\tExplorez nos actualit\u00e9s\n\t<\/a>\n\n<\/div><!-- .vgblk-rw-wrapper -->","protected":false},"excerpt":{"rendered":"<p>M\u00e9tier Nous fournissons des consultants exp\u00e9riment\u00e9s dans divers domaines pour r\u00e9pondre \u00e0 vos besoins sp\u00e9cifiques. Nos experts optimisent vos op\u00e9rations gr\u00e2ce \u00e0 des solutions sur mesure et des technologies avanc\u00e9es. Accompagnement Nous accompagnons nos clients \u00e0 chaque \u00e9tape de leur projet logistique, de la conception \u00e0 la mise en \u0153uvre. Nos consultants offrent une expertise&#8230;<\/p>\n","protected":false},"author":2,"featured_media":0,"parent":0,"menu_order":0,"comment_status":"closed","ping_status":"closed","template":"","meta":{"inline_featured_image":false,"_uag_custom_page_level_css":"","footnotes":""},"class_list":["post-988172","page","type-page","status-publish","hentry"],"yoast_head":"<!-- This site is optimized with the Yoast SEO plugin v27.4 - https:\/\/yoast.com\/product\/yoast-seo-wordpress\/ -->\n<title>Accueil - Strepia<\/title>\n<meta name=\"robots\" content=\"index, follow, max-snippet:-1, max-image-preview:large, max-video-preview:-1\" \/>\n<link rel=\"canonical\" href=\"https:\/\/strepia.com\/\" \/>\n<meta property=\"og:locale\" content=\"fr_FR\" \/>\n<meta property=\"og:type\" content=\"article\" \/>\n<meta property=\"og:title\" content=\"Accueil - Strepia\" \/>\n<meta property=\"og:description\" content=\"M\u00e9tier Nous fournissons des consultants exp\u00e9riment\u00e9s dans divers domaines pour r\u00e9pondre \u00e0 vos besoins sp\u00e9cifiques. Nos experts optimisent vos op\u00e9rations gr\u00e2ce \u00e0 des solutions sur mesure et des technologies avanc\u00e9es. Accompagnement Nous accompagnons nos clients \u00e0 chaque \u00e9tape de leur projet logistique, de la conception \u00e0 la mise en \u0153uvre. Nos consultants offrent une expertise...\" \/>\n<meta property=\"og:url\" content=\"https:\/\/strepia.com\/\" \/>\n<meta property=\"og:site_name\" content=\"Strepia\" \/>\n<meta property=\"article:modified_time\" content=\"2026-04-07T22:28:26+00:00\" \/>\n<meta name=\"twitter:card\" content=\"summary_large_image\" \/>\n<meta name=\"twitter:label1\" content=\"Dur\u00e9e de lecture estim\u00e9e\" \/>\n\t<meta name=\"twitter:data1\" content=\"7 minutes\" \/>\n<script type=\"application\/ld+json\" class=\"yoast-schema-graph\">{\"@context\":\"https:\\\/\\\/schema.org\",\"@graph\":[{\"@type\":\"WebPage\",\"@id\":\"https:\\\/\\\/strepia.com\\\/\",\"url\":\"https:\\\/\\\/strepia.com\\\/\",\"name\":\"Accueil - Strepia\",\"isPartOf\":{\"@id\":\"https:\\\/\\\/strepia.com\\\/#website\"},\"datePublished\":\"2024-11-29T10:19:26+00:00\",\"dateModified\":\"2026-04-07T22:28:26+00:00\",\"breadcrumb\":{\"@id\":\"https:\\\/\\\/strepia.com\\\/#breadcrumb\"},\"inLanguage\":\"fr-FR\",\"potentialAction\":[{\"@type\":\"ReadAction\",\"target\":[\"https:\\\/\\\/strepia.com\\\/\"]}]},{\"@type\":\"BreadcrumbList\",\"@id\":\"https:\\\/\\\/strepia.com\\\/#breadcrumb\",\"itemListElement\":[{\"@type\":\"ListItem\",\"position\":1,\"name\":\"Home\",\"item\":\"https:\\\/\\\/strepia.com\\\/\"},{\"@type\":\"ListItem\",\"position\":2,\"name\":\"Accueil\"}]},{\"@type\":\"WebSite\",\"@id\":\"https:\\\/\\\/strepia.com\\\/#website\",\"url\":\"https:\\\/\\\/strepia.com\\\/\",\"name\":\"Strepia\",\"description\":\"\",\"publisher\":{\"@id\":\"https:\\\/\\\/strepia.com\\\/#organization\"},\"potentialAction\":[{\"@type\":\"SearchAction\",\"target\":{\"@type\":\"EntryPoint\",\"urlTemplate\":\"https:\\\/\\\/strepia.com\\\/?s={search_term_string}\"},\"query-input\":{\"@type\":\"PropertyValueSpecification\",\"valueRequired\":true,\"valueName\":\"search_term_string\"}}],\"inLanguage\":\"fr-FR\"},{\"@type\":\"Organization\",\"@id\":\"https:\\\/\\\/strepia.com\\\/#organization\",\"name\":\"Strepia\",\"url\":\"https:\\\/\\\/strepia.com\\\/\",\"logo\":{\"@type\":\"ImageObject\",\"inLanguage\":\"fr-FR\",\"@id\":\"https:\\\/\\\/strepia.com\\\/#\\\/schema\\\/logo\\\/image\\\/\",\"url\":\"https:\\\/\\\/strepia.com\\\/wp-content\\\/uploads\\\/2024\\\/08\\\/cropped-cropped-Strepia-450x150-1.png\",\"contentUrl\":\"https:\\\/\\\/strepia.com\\\/wp-content\\\/uploads\\\/2024\\\/08\\\/cropped-cropped-Strepia-450x150-1.png\",\"width\":355,\"height\":150,\"caption\":\"Strepia\"},\"image\":{\"@id\":\"https:\\\/\\\/strepia.com\\\/#\\\/schema\\\/logo\\\/image\\\/\"}}]}<\/script>\n<!-- \/ Yoast SEO plugin. -->","yoast_head_json":{"title":"Accueil - Strepia","robots":{"index":"index","follow":"follow","max-snippet":"max-snippet:-1","max-image-preview":"max-image-preview:large","max-video-preview":"max-video-preview:-1"},"canonical":"https:\/\/strepia.com\/","og_locale":"fr_FR","og_type":"article","og_title":"Accueil - Strepia","og_description":"M\u00e9tier Nous fournissons des consultants exp\u00e9riment\u00e9s dans divers domaines pour r\u00e9pondre \u00e0 vos besoins sp\u00e9cifiques. Nos experts optimisent vos op\u00e9rations gr\u00e2ce \u00e0 des solutions sur mesure et des technologies avanc\u00e9es. Accompagnement Nous accompagnons nos clients \u00e0 chaque \u00e9tape de leur projet logistique, de la conception \u00e0 la mise en \u0153uvre. Nos consultants offrent une expertise...","og_url":"https:\/\/strepia.com\/","og_site_name":"Strepia","article_modified_time":"2026-04-07T22:28:26+00:00","twitter_card":"summary_large_image","twitter_misc":{"Dur\u00e9e de lecture estim\u00e9e":"7 minutes"},"schema":{"@context":"https:\/\/schema.org","@graph":[{"@type":"WebPage","@id":"https:\/\/strepia.com\/","url":"https:\/\/strepia.com\/","name":"Accueil - Strepia","isPartOf":{"@id":"https:\/\/strepia.com\/#website"},"datePublished":"2024-11-29T10:19:26+00:00","dateModified":"2026-04-07T22:28:26+00:00","breadcrumb":{"@id":"https:\/\/strepia.com\/#breadcrumb"},"inLanguage":"fr-FR","potentialAction":[{"@type":"ReadAction","target":["https:\/\/strepia.com\/"]}]},{"@type":"BreadcrumbList","@id":"https:\/\/strepia.com\/#breadcrumb","itemListElement":[{"@type":"ListItem","position":1,"name":"Home","item":"https:\/\/strepia.com\/"},{"@type":"ListItem","position":2,"name":"Accueil"}]},{"@type":"WebSite","@id":"https:\/\/strepia.com\/#website","url":"https:\/\/strepia.com\/","name":"Strepia","description":"","publisher":{"@id":"https:\/\/strepia.com\/#organization"},"potentialAction":[{"@type":"SearchAction","target":{"@type":"EntryPoint","urlTemplate":"https:\/\/strepia.com\/?s={search_term_string}"},"query-input":{"@type":"PropertyValueSpecification","valueRequired":true,"valueName":"search_term_string"}}],"inLanguage":"fr-FR"},{"@type":"Organization","@id":"https:\/\/strepia.com\/#organization","name":"Strepia","url":"https:\/\/strepia.com\/","logo":{"@type":"ImageObject","inLanguage":"fr-FR","@id":"https:\/\/strepia.com\/#\/schema\/logo\/image\/","url":"https:\/\/strepia.com\/wp-content\/uploads\/2024\/08\/cropped-cropped-Strepia-450x150-1.png","contentUrl":"https:\/\/strepia.com\/wp-content\/uploads\/2024\/08\/cropped-cropped-Strepia-450x150-1.png","width":355,"height":150,"caption":"Strepia"},"image":{"@id":"https:\/\/strepia.com\/#\/schema\/logo\/image\/"}}]}},"uagb_featured_image_src":{"full":false,"thumbnail":false,"medium":false,"medium_large":false,"large":false,"1536x1536":false,"2048x2048":false,"vamtam-single":false,"vamtam-normal-1":false,"vamtam-loop-1":false,"vamtam-normal-2":false,"vamtam-normal-featured-2":false,"vamtam-loop-2":false,"vamtam-loop-featured-2":false,"vamtam-normal-3":false,"vamtam-normal-featured-3":false,"vamtam-loop-3":false,"vamtam-loop-featured-3":false,"vamtam-normal-4":false,"vamtam-normal-featured-4":false,"vamtam-loop-4":false,"vamtam-loop-featured-4":false,"woocommerce_thumbnail":false,"woocommerce_single":false,"woocommerce_gallery_thumbnail":false},"uagb_author_info":{"display_name":"Amine Ettalbi","author_link":"https:\/\/strepia.com\/index.php\/author\/amine-ettalbi\/"},"uagb_comment_info":0,"uagb_excerpt":"M\u00e9tier Nous fournissons des consultants exp\u00e9riment\u00e9s dans divers domaines pour r\u00e9pondre \u00e0 vos besoins sp\u00e9cifiques. Nos experts optimisent vos op\u00e9rations gr\u00e2ce \u00e0 des solutions sur mesure et des technologies avanc\u00e9es. Accompagnement Nous accompagnons nos clients \u00e0 chaque \u00e9tape de leur projet logistique, de la conception \u00e0 la mise en \u0153uvre. Nos consultants offrent une expertise...","_links":{"self":[{"href":"https:\/\/strepia.com\/index.php\/wp-json\/wp\/v2\/pages\/988172","targetHints":{"allow":["GET"]}}],"collection":[{"href":"https:\/\/strepia.com\/index.php\/wp-json\/wp\/v2\/pages"}],"about":[{"href":"https:\/\/strepia.com\/index.php\/wp-json\/wp\/v2\/types\/page"}],"author":[{"embeddable":true,"href":"https:\/\/strepia.com\/index.php\/wp-json\/wp\/v2\/users\/2"}],"replies":[{"embeddable":true,"href":"https:\/\/strepia.com\/index.php\/wp-json\/wp\/v2\/comments?post=988172"}],"version-history":[{"count":5,"href":"https:\/\/strepia.com\/index.php\/wp-json\/wp\/v2\/pages\/988172\/revisions"}],"predecessor-version":[{"id":988178,"href":"https:\/\/strepia.com\/index.php\/wp-json\/wp\/v2\/pages\/988172\/revisions\/988178"}],"wp:attachment":[{"href":"https:\/\/strepia.com\/index.php\/wp-json\/wp\/v2\/media?parent=988172"}],"curies":[{"name":"wp","href":"https:\/\/api.w.org\/{rel}","templated":true}]}}